{"id":12784,"date":"2025-01-23T08:39:08","date_gmt":"2025-01-23T08:39:08","guid":{"rendered":"https:\/\/printsale.lv\/davanas\/?post_type=product&#038;p=12784"},"modified":"2025-01-24T11:50:58","modified_gmt":"2025-01-24T11:50:58","slug":"kruze","status":"publish","type":"product","link":"https:\/\/printsale.lv\/davanas\/produkts\/kruze\/","title":{"rendered":"Kr\u016bze"},"content":{"rendered":"","protected":false},"excerpt":{"rendered":"<p>Personaliz\u0113tas kr\u016bzes &#8211; ide\u0101la d\u0101vana \u012bpa\u0161iem cilv\u0113kiem vai sev! Izv\u0113lieties dizainu p\u0113c savas gaumes &#8211; pielieciet fotogr\u0101fiju, \u012bpa\u0161u tekstu vai grafiku. Augstas kvalit\u0101tes keramikas kr\u016bze, kas iztur\u0113s ikdienas lieto\u0161anu un saglab\u0101s j\u016bsu personaliz\u0113to dizainu. Lieliski piem\u0113rota gan kafijai, gan t\u0113jai, gan vienk\u0101r\u0161i k\u0101 dekors.<\/p>\n","protected":false},"featured_media":12785,"comment_status":"open","ping_status":"closed","template":"","meta":[],"product_brand":[],"product_cat":[75],"product_tag":[],"class_list":{"0":"post-12784","1":"product","2":"type-product","3":"status-publish","4":"has-post-thumbnail","6":"product_cat-trauki","8":"first","9":"instock","10":"shipping-taxable","11":"purchasable","12":"product-type-simple"},"_links":{"self":[{"href":"https:\/\/printsale.lv\/davanas\/wp-json\/wp\/v2\/product\/12784","targetHints":{"allow":["GET"]}}],"collection":[{"href":"https:\/\/printsale.lv\/davanas\/wp-json\/wp\/v2\/product"}],"about":[{"href":"https:\/\/printsale.lv\/davanas\/wp-json\/wp\/v2\/types\/product"}],"replies":[{"embeddable":true,"href":"https:\/\/printsale.lv\/davanas\/wp-json\/wp\/v2\/comments?post=12784"}],"wp:featuredmedia":[{"embeddable":true,"href":"https:\/\/printsale.lv\/davanas\/wp-json\/wp\/v2\/media\/12785"}],"wp:attachment":[{"href":"https:\/\/printsale.lv\/davanas\/wp-json\/wp\/v2\/media?parent=12784"}],"wp:term":[{"taxonomy":"product_brand","embeddable":true,"href":"https:\/\/printsale.lv\/davanas\/wp-json\/wp\/v2\/product_brand?post=12784"},{"taxonomy":"product_cat","embeddable":true,"href":"https:\/\/printsale.lv\/davanas\/wp-json\/wp\/v2\/product_cat?post=12784"},{"taxonomy":"product_tag","embeddable":true,"href":"https:\/\/printsale.lv\/davanas\/wp-json\/wp\/v2\/product_tag?post=12784"}],"curies":[{"name":"wp","href":"https:\/\/api.w.org\/{rel}","templated":true}]}}